78788?
False
Is 1333741 a multiple of 431?
False
Does 3 divide 89209?
False
Is 214 a factor of 207580?
True
Is 18722 a multiple of 46?
True
Is 5028447 a multiple of 6?
False
Is 102 a factor of 326502?
True
Does 81 divide 5961681?
True
Is 96629 a multiple of 23?
False
Does 25 divide 2686472?
False
Is 3 a factor of 120791?
False
Is 3769000 a multiple of 1045?
False
Is 12427071 a multiple of 311?
False
Is 4494 a multiple of 214?
True
Is 85 a factor of 180685?
False
Is 21266 a multiple of 98?
True
Is 116622 a multiple of 171?
True
Is 3328210 a multiple of 482?
True
Does 51 divide 3207254?
False
Is 172 a factor of 115416?
False
Is 33 a factor of 114807?
True
Does 177 divide 249570?
True
Is 539 a factor of 1445059?
True
Is 7 a factor of 28754?
False
Is 2614 a multiple of 4?
False
Does 370 divide 1283920?
False
Is 491320 a multiple of 692?
True
Does 60 divide 277431?
False
Is 92 a factor of 525964?
True
Is 2219421 a multiple of 537?
True
Is 267 a factor of 1922667?
True
Does 13 divide 50427?
True
Does 373 divide 301102?
False
Is 80040 a multiple of 30?
True
Is 5635623 a multiple of 301?
True
Is 4862514 a multiple of 32?
False
Is 14993825 a multiple of 11?
True
Does 97 divide 340673?
False
Does 54 divide 84021?
False
Does 15 divide 10511?
False
Is 37421 a multiple of 2?
False
Is 2079047 a multiple of 20?
False
Is 2 a factor of 138863?
False
Is 25 a factor of 154413?
False
Is 120857 a multiple of 23?
False
Is 36803 a multiple of 149?
True
Does 25 divide 540890?
False
Is 26 a factor of 246636?
True
Does 4 divide 376106?
False
Is 399567 a multiple of 359?
True
Is 80 a factor of 31600?
True
Is 73 a factor of 141485?
False
Is 164010 a multiple of 21?
True
Is 164 a factor of 146047?
False
Does 187 divide 105468?
True
Is 16968065 a multiple of 8?
False
Is 89 a factor of 807508?
False
Is 118 a factor of 2935132?
True
Is 1509 a factor of 5982969?
False
Is 405 a factor of 1822274?
False
Is 835971 a multiple of 53?
False
Is 2 a factor of 967?
False
Does 17 divide 582522?
True
Is 1975985 a multiple of 51?
False
Is 45696 a multiple of 7?
True
Does 69 divide 20475405?
True
Does 2 divide 197007?
False
Is 24013077 a multiple of 151?
True
Is 355450 a multiple of 207?
False
Does 73 divide 400824?
False
Is 826 a multiple of 3?
False
Does 94 divide 2025418?
True
Is 342 a factor of 337333?
False
Is 7 a factor of 21899?
False
Does 28 divide 1814820?
True
Is 1599074 a multiple of 4?
False
Is 941360 a multiple of 14?
True
Is 172422 a multiple of 31?
True
Does 30 divide 94140?
True
Does 1107 divide 6638679?
True
Is 4944153 a multiple of 701?
True
Is 4467760 a multiple of 5?
True
Is 2112032 a multiple of 11?
False
Is 63963 a multiple of 49?
False
Is 104 a factor of 23400?
True
Does 474 divide 7797300?
True
Does 11 divide 252271?
False
Is 1422846 a multiple of 307?
False
Does 55 divide 9735?
True
Is 3 a factor of 187588?
False
Is 60252 a multiple of 21?
False
Does 15 divide 27311247?
False
Does 17 divide 105009?
True
Is 26 a factor of 113358?
False
Does 39 divide 159666?
True
Does 54 divide 2808054?
True
Is 1780816 a multiple of 522?
False
Is 77 a factor of 125664?
True
Is 67284 a multiple of 18?
True
Is 597 a factor of 765951?
True
Does 28 divide 112601?
False
Is 19259 a multiple of 12?
False
Is 9 a factor of 187058?
False
Is 61758 a multiple of 18?
True
Is 79 a factor of 3248085?
True
Is 5149725 a multiple of 51?
True
Is 2851 a factor of 20924651?
False
Is 154 a factor of 116732?
True
Is 348 a factor of 11022900?
True
Is 750349 a multiple of 137?
True
Does 137 divide 16164493?
True
Does 4 divide 155857?
False
Does 5 divide 1048684?
False
Is 109 a factor of 2504602?
True
Is 130 a factor of 7334080?
True
Is 465 a factor of 26642426?
False
Does 13 divide 2611364?
False
Does 61 divide 60512?
True
Does 177 divide 1110972?
False
Is 237 a factor of 6095193?
False
Is 18163 even?
False
Is 52314 a multiple of 162?
False
Is 227 a factor of 2898005?
False
Is 746674 a multiple of 5?
False
Is 3391297 a multiple of 302?
False
Does 3 divide 35055?
True
Is 1138275 a multiple of 67?
False
Does 1548 divide 2507760?
True
Is 168207 a multiple of 19?
True
Is 1900145 a multiple of 23?
True
Is 71763 a multiple of 66?
False
Is 780120 a multiple of 33?
True
Is 73380 a multiple of 5?
True
Is 877072 a multiple of 574?
True
Is 19 a factor of 969539?
False
Does 565 divide 657257?
False
Is 98 a factor of 19052?
False
Is 8942130 a multiple of 27?
True
Does 3 divide 56925?
True
Is 1211844 a multiple of 21?
False
Is 4047398 a multiple of 18?
False
Is 30 a factor of 77623?
False
Is 127 a factor of 82647?
False
Does 3 divide 116048?
False
Is 541944 a multiple of 54?
True
Does 15 divide 13001655?
True
Does 31 divide 15656?
False
Is 17999 a multiple of 439?
True
Is 1391 a factor of 14302585?
False
Is 4 a factor of 21206?
False
Does 221 divide 11666590?
True
Is 444 a factor of 206327?
False
Is 30 a factor of 56910?
True
Is 14118 a multiple of 6?
True
Does 11 divide 413192?
False
Is 12 a factor of 1497184?
False
Is 18383509 a multiple of 23?
True
Is 159 a factor of 942524?
False
Is 2001599 a multiple of 267?
False
Is 1668 a multiple of 6?
True
Is 2252 a multiple of 9?
False
Is 9 a factor of 2865582?
True
Is 95 a factor of 558980?
True
Is 32 a factor of 3344736?
True
Is 131 a factor of 803414?
False
Is 39155 a multiple of 205?
True
Does 48 divide 47376?
True
Does 784 divide 180022?
False
Is 11 a factor of 324143?
False
Is 307629 a multiple of 399?
True
Does 220 divide 1498012?
False
Does 34 divide 23392?
True
Is 61 a factor of 107315?
False
Is 21751 even?
False
Does 51 divide 141737?
False
Is 18 a factor of 301500?
True
Does 44 divide 3102088?
True
Does 115 divide 1235094?
False
Is 354650 a multiple of 205?
True
Is 9162740 a multiple of 1675?
False
Does 1257 divide 1735917?
True
Is 492606 a multiple of 673?
False
Is 88699 a multiple of 497?
False
Is 20 a factor of 66758?
False
Is 171 a factor of 1405559?
False
Is 900 a factor of 5174126?
False
Does 20 divide 15378258?
False
Does 35 divide 78680?
True
Does 40 divide 629520?
True
Is 370922 a multiple of 16?
False
Does 391 divide 177123?
True
Is 280046 a multiple of 26?
True
Does 19 divide 75829?
True
Is 361116 a multiple of 21?
True
Does 11 divide 591110?
False
Is 16817680 a multiple of 418?
False
Is 4710440 a multiple of 448?
False
Is 338880 a multiple of 15?
True
Is 52 a factor of 11961092?
True
Is 685400 a multiple of 20?
True
Is 117 a factor of 5158824?
False
Is 1678674 a multiple of 7?
False
Does 28 divide 2501426?
False
Does 79 divide 866825?
False
Does 20 divide 14792207?
False
Is 6480 a multiple of 324?
True
Is 97 a factor of 1152738?
False
Is 304 a factor of 194256?
True
Is 2 a factor of 561?
False
Does 576 divide 1568208?
False
Does 48 divide 407327?
False
Is 181797 a multiple of 33?
True
Does 26 divide 1727170?
False
Is 396 a factor of 900108?
True
Is 409995 a multiple of 15?
True
Is 5316610 a multiple of 3?
False
Is 1383342 a multiple of 751?
True
Is 59486 a multiple of 33?
False
Does 130 divide 2940340?
True
Is 8 a factor of 2783206?
False
Does 1649 divide 6146018?
False
Is 20 a factor of 162683?
False
Is 1094580 a multiple of 15?
True
Does 2 divide 446881?
False
Does 77 divide 956802?
True
Is 117704 a multiple of 91?
False
Is 422 a factor of 2176265?
False
Is 6328512 a multiple of 559?
False
Does 39 divide 7224438?
True
Is 10802 a multiple of 3?
False
Is 144 a factor of 5601600?
True
Does 120 divide 74160?
True
Does 43 divide 79311?
False
Is 83240 a multiple of 4?
True
Is 496 a factor of 54216?
False
Is 110925 a multiple of 17?
True
Is 123 a factor of 76137?
True
Is 76 a factor of 96900?
True
Is 91667 a multiple of 61?
False
Is 98003 a multiple of 52?
False
Is 1559763 a multiple of 526?
False
Is 98237 a multiple of 27?
False
Does 20 divide 797460?
True
Is 97 a factor of 1170352?
False
Does 34 divide 767754?
True
Is 338424 a multiple of 59?
True
Does 13 divide 1030088?
False
Is 63596 a multiple of 419?
False
Does 19 divide 78641?
True
Is 24 a factor of 5983872?
True
Is 187494 a multiple of 400?
False
Is 767 a factor of 3089238?
False
Does 175 divide 418954?
False
Does 40 divide 657040?
True
Does 43 divide 792214?
False
Is 11632771 a multiple of 551?
False
Is 34 a factor of 351813?
False
Is 1001 a factor of 2608788?
False
Is 617100 a multiple of 85?
T